
2, 7, 39953
What are the prime factors of 207804?
2, 3, 17317
What are the prime factors of 6061843?
17, 356579
List the prime factors of 1569357.
3, 41, 4253
What are the prime factors of 1674123?
3, 11, 97, 523
List the prime factors of 2464234.
2, 163, 7559
What are the prime factors of 4515179?
19, 167, 1423
What are the prime factors of 203957?
13, 29, 541
List the prime factors of 154373.
154373
What are the prime factors of 44111824?
2, 2756989
List the prime factors of 6306212.
2, 11, 331, 433
List the prime factors of 1355547.
3, 29, 15581
What are the prime factors of 4458474?
2, 3, 247693
List the prime factors of 141202.
2, 17, 4153
What are the prime factors of 51565?
5, 10313
What are the prime factors of 422880?
2, 3, 5, 881
What are the prime factors of 2337731?
11, 461
What are the prime factors of 705088?
2, 23, 479
What are the prime factors of 2454673?
13, 31, 6091
What are the prime factors of 4463557?
7, 71, 1283
List the prime factors of 869456.
2, 7, 1109
What are the prime factors of 9194326?
2, 4597163
What are the prime factors of 986005?
5, 19, 97, 107
What are the prime factors of 236963?
17, 53, 263
List the prime factors of 9872915.
5, 13, 193, 787
List the prime factors of 884848.
2, 29, 1907
List the prime factors of 8950132.
2, 149, 15017
List the prime factors of 1383975.
3, 5, 6151
List the prime factors of 355643.
355643
What are the prime factors of 148918?
2, 7, 11, 967
What are the prime factors of 1545396?
2, 3, 89, 1447
What are the prime factors of 178455?
3, 5, 11897
List the prime factors of 156503.
19, 8237
List the prime factors of 260255.
5, 52051
What are the prime factors of 14994509?
37, 127, 3191
List the prime factors of 2587717.
11, 367, 641
What are the prime factors of 10488342?
2, 3, 19, 92003
List the prime factors of 401047.
17, 31, 761
What are the prime factors of 16553490?
2, 3, 5, 29, 53, 359
What are the prime factors of 820757?
7, 117251
What are the prime factors of 16212367?
419, 38693
List the prime factors of 9358879.
197, 47507
List the prime factors of 226145.
5, 31, 1459
List the prime factors of 45486.
2, 3, 7, 19
List the prime factors of 2314181.
19, 31, 3929
What are the prime factors of 776851?
776851
What are the prime factors of 2456943?
3, 509, 1609
List the prime factors of 11887172.
2, 11, 270163
List the prime factors of 2095458.
2, 3, 37, 9439
List the prime factors of 9240146.
2, 17, 271769
List the prime factors of 1093813.
7, 156259
What are the prime factors of 3461571?
3, 384619
List the prime factors of 889271.
889271
What are the prime factors of 641779?
89, 7211
List the prime factors of 169303.
17, 23, 433
List the prime factors of 392989.
17, 23117
List the prime factors of 125357.
67, 1871
List the prime factors of 55712.
2, 1741
What are the prime factors of 347429?
17, 107, 191
List the prime factors of 287137.
287137
List the prime factors of 1748914.
2, 874457
What are the prime factors of 1180507?
1180507
What are the prime factors of 788772?
2, 3, 65731
List the prime factors of 2390274.
2, 3, 37, 97
List the prime factors of 5719763.
7, 89, 9181
What are the prime factors of 957363?
3, 11, 67, 433
List the prime factors of 3568824.
2, 3, 7, 73, 97
What are the prime factors of 29823?
3, 9941
List the prime factors of 241792.
2, 1889
What are the prime factors of 464411?
31, 71, 211
List the prime factors of 19608417.
3, 881, 2473
What are the prime factors of 3422651?
3422651
What are the prime factors of 2779913?
73, 113, 337
What are the prime factors of 1460794?
2, 730397
What are the prime factors of 2228829?
3, 742943
What are the prime factors of 11150712?
2, 3, 154871
What are the prime factors of 22524057?
3, 191, 13103
List the prime factors of 33541562.
2, 16770781
What are the prime factors of 660630?
2, 3, 5, 19, 61
List the prime factors of 2257197.
3, 23, 32713
What are the prime factors of 15734565?
3, 5, 7, 11, 19, 239
List the prime factors of 8060760.
2, 3, 5, 22391
What are the prime factors of 4731749?
11, 101, 4259
What are the prime factors of 3928594?
2, 1964297
List the prime factors of 1287462.
2, 3, 11, 19507
List the prime factors of 7866219.
3, 31, 41, 2063
What are the prime factors of 1454929?
7, 207847
What are the prime factors of 1314919?
47, 101, 277
What are the prime factors of 677840?
2, 5, 37, 229
What are the prime factors of 812852?
2, 203213
List the prime factors of 3828101.
19, 113, 1783
What are the prime factors of 19406750?
2, 5, 11, 7057
What are the prime factors of 1015757?
89, 101, 113
What are the prime factors of 424487?
7, 8663
List the prime factors of 1393476.
2, 3, 7, 53, 313
What are the prime factors of 1351947?
3, 450649
List the prime factors of 3551116.
2, 107, 8297
What are the prime factors of 9235813?
1217, 7589
What are the prime factors of 787612?
2, 7, 23, 1223
List the prime factors of 10797524.
2, 1429, 1889
What are the prime factors of 2731584?
2, 3, 41, 347
What are the prime factors of 34630?
2, 5, 3463
List the prime factors of 1266983.
709, 1787
List the prime factors of 263278.
2, 131639
What are the prime factors of 193680?
2, 3, 5, 269
List the prime factors of 4829600.
2, 5, 6037
What are the prime factors of 146708?
2, 36677
What are the prime factors of 7291033?
7291033
List the prime factors of 672916.
2, 29, 5801
List the prime factors of 17317.
17317
List the prime factors of 313842.
2, 3, 19, 2753
What are the prime factors of 1245009?
3, 223, 1861
What are the prime factors of 9725184?
2, 3, 7, 67
What are the prime factors of 7792377?
3, 23, 31, 3643
List the prime factors of 1257648.
2, 3, 7, 19, 197
List the prime factors of 225098.
2, 29, 3881
List the prime factors of 1648754.
2, 211, 3907
What are the prime factors of 9001431?
3, 1000159
List the prime factors of 2201471.
43, 51197
What are the prime factors of 106940?
2, 5, 5347
List the prime factors of 101741.
101741
List the prime factors of 971743.
881, 1103
What are the prime factors of 90869?
89, 1021
List the prime factors of 251823.
3, 11, 13, 587
List the prime factors of 600641.
600641
List the prime factors of 4097.
17, 241
What are the prime factors of 3131411?
1499, 2089
What are the prime factors of 872844?
2, 3, 7, 10391
List the prime factors of 862722.
2, 3, 7, 41, 167
List the prime factors of 516194.
2, 7, 36871
List the prime factors of 34467.
3, 11489
What are the prime factors of 39965?
5, 7993
What are the prime factors of 20485?
5, 17, 241
List the prime factors of 755041.
7, 19, 811
List the prime factors of 1251607.
7, 41, 89
List the prime factors of 1151391.
3, 383797
List the prime factors of 220350.
2, 3, 5, 13, 113
What are the prime factors of 265199?
11, 24109
What are the prime factors of 362067?
3, 120689
List the prime factors of 118131.
3, 13, 233
List the prime factors of 1574669.
1574669
List the prime factors of 13580295.
3, 5, 37, 24469
List the prime factors of 102267.
3, 11, 1033
List the prime factors of 125233.
61, 2053
List the prime factors of 12328306.
2, 29, 212557
List the prime factors of 10829751.
3, 557, 6481
What are the prime factors of 626762?
2, 313381
What are the prime factors of 26431?
26431
List the prime factors of 3711302.
2, 7, 265093
What are the prime factors of 544457?
673, 809
List the prime factors of 558277.
19, 29383
List the prime factors of 6539235.
3, 5, 435949
List the prime factors of 125881.
7, 367
What are the prime factors of 428498?
2, 7, 127, 241
What are the prime factors of 23880995?
5, 199, 24001
What are the prime factors of 904274?
2, 7, 64591
What are the prime factors of 263228?
2, 7, 17, 79
List the prime factors of 12089988.
2, 3, 335833
What are the prime factors of 21077833?
7, 3011119
List the prime factors of 432757.
13, 33289
List the prime factors of 2612352.
2, 3, 6803
List the prime factors of 25913654.
2, 13, 61, 16339
List the prime factors of 1272485.
5, 157, 1621
List the prime factors of 320471.
320471
What are the prime factors of 1110905?
5, 43, 5167
What are the prime factors of 7108992?
2, 3, 11, 17
List the prime factors of 487889.
487889
List the prime factors of 323174.
2, 349, 463
List the prime factors of 11532328.
2, 113, 12757
What are the prime factors of 13275388?
2, 7, 29, 16349
Wh